- 2. Suppose -w*p - 37 = 2*q + 49, 0 = -3*q + 4*p - 109. What is the tens digit of (1 - -3) + -1 - q?
4
What is the hundreds digit of (2 + 702)/((-36)/(-72))?
4
Let k(v) = -1110*v - 563. What is the hundreds digit of k(-4)?
8
Let s be (18 + -3)*(-1)/(-5). Suppose s*f - 250 = -2*f. What is the tens digit of f?
5
Let m = -11 + 56. Suppose -253 = -4*v - m. What is the units digit of v?
2
Suppose 5*c + 4 = 5*a + 9, -c + 2*a + 5 = 0. Let l(f) = -3*f - 2. Let d be l(c). Suppose -2*i + 6 = 3*t - d, -5*i - t = -52. What is the units digit of i?
1
Let v(h) = -11*h + 1533. What is the hundreds digit of v(0)?
5
Suppose 0*v = 3*v + 9. What is the units digit of 1014/18 + 1/v?
6
What is the tens digit of 9/(-6)*(-886)/3?
4
Let k = -5 + 7. Suppose 53 = -k*w + 243. What is the units digit of w?
5
Let y = -53 + 98. Suppose 3*w + 89 = -4*j, -8 = 5*j + 2*w + 98. Let i = y + j. What is the tens digit of i?
2
Let i = 205 + -33. Suppose -4*q - 4*o = -i, -3*q + 55 = -2*q - 5*o. What is the tens digit of q?
4
Let u(t) = -t**3 + 6*t + 7. Let v be u(-4). Let z(c) = 31*c**3 + 2*c + 1. Let r be z(-1). Let q = r + v. What is the units digit of q?
5
Let n be (-4)/14 + 5646/14. Suppose 0*g - 4*g = -c - 799, 3*c = -2*g + n. What is the tens digit of g?
0
Let i = -866 - -2058. What is the thousands digit of i?
1
Let x = -7 + 11. Suppose 2*q = -4*n + x, 4*n = 3*q + n + 3. Suppose c + 2*o - 3*o - 15 = 0, -4*c + 3*o + 61 = q. What is the tens digit of c?
1
Let l(j) = -12*j**2 - 8*j - 4. Let a(f) = f + 1. Let u(o) = -5*a(o) - l(o). What is the tens digit of u(1)?
1
Let l(c) = -c - 28. Let i be l(-13). What is the tens digit of (-2)/((10/i)/(118/6))?
5
Let s(q) = q**3 + 11*q**2 - 5*q - 43. Let r be s(-8). Suppose 2*h + 31 = r. What is the units digit of h?
9
Suppose 3*y = 15, -2*o + 160 = 4*y - 116. What is the tens digit of o?
2
Suppose 0 = -i - 0*i + 394. Let a be (-8)/10 + i/5. Suppose -34 = -t + 5*k, -7*k = -3*t - 4*k + a. What is the units digit of t?
4
Suppose 2245 = 14*q - 2963. What is the tens digit of q?
7
Suppose 79*o - 31240 = 59*o. What is the thousands digit of o?
1
Let p be ((-688)/40)/(18/10 + -2). Let u = p + -68. What is the units digit of u?
8
Let g(j) = -3*j**3 + 4*j**2 + 2*j - 2. Let o be g(-2). Let h = o - 30. What is the units digit of h?
4
Suppose 3*l = -4*c + 11004, -3*l + 5339 + 5650 = -c. What is the hundreds digit of l?
6
Suppose 10*l - 15 = 15*l. Let r = l - -22. Let s = r - -8. What is the units digit of s?
7
Suppose 6*i + 111 - 879 = 0. What is the hundreds digit of i?
1
Suppose 0 = 3*l, -6*c - 5*l + 520 = -2*c. Suppose -5*y = -4*o + c, -4*y + 0 = 8. What is the units digit of o?
0
What is the tens digit of (7794/(-15))/(45/(-300))?
6
Suppose 5*h - 66 - 49 = 0. Suppose -o + 28 = 4*g, 4*g - 70 = -5*o + 38. Suppose -o = -2*n - 5*r + 3*r, -h = -2*n - r. What is the tens digit of n?
1
Let o = 308 - 75. Let d = o + -160. What is the tens digit of d?
7
Let a = -118 + 193. Suppose 2*v = -3*v + a. What is the units digit of 3 - -1*(-2 + v)?
6
Let h = -4644 + 6785. What is the thousands digit of h?
2
Let b(r) = -2*r - 3*r + r + r**2 + 20*r**2 + 3. What is the tens digit of b(2)?
7
What is the units digit of 803 - 21*(3 + 3)/42?
0
Let b(p) = -p**3 - 19*p**2 - 25*p - 36. Let h be b(-19). Let c = h + -242. What is the tens digit of c?
9
Suppose 4*p - 22 = 2*n, -9 + 1 = 4*n + 4*p. Let q = -86 - -121. Let k = q + n. What is the units digit of k?
0
Suppose -r = -3*m - 2427, -3*m - 4080 = -4*r + 5673. What is the hundreds digit of r?
4
Let p be 6 - ((-4)/4)/(-1). Suppose p - 1 = y. Suppose -y*m - m = -95. What is the units digit of m?
9
Suppose -7*o = -478 - 614. Let y = o - 65. What is the units digit of y?
1
Let k = 64 - 36. Suppose 0 = -3*v - 5*l + 126, 3*v - 80 - k = l. What is the tens digit of v?
3
Suppose 5*g + 5*i = 2*i + 797, 2*g = -2*i + 318. Suppose -g = -5*p - 5*t, -3*t + 156 = 5*p + t. What is the tens digit of p?
2
Let t(s) = 4*s**3 - 5*s**2 - 21*s + 3. What is the units digit of t(10)?
3
Let w(h) = 2*h - 13. Let t be w(5). What is the tens digit of -1 + (-251)/t - 6/9?
8
Let o(h) = -h**2 + 7*h - 3. Suppose 1 = -4*f + 25. Let s be o(f). Suppose 3*x = 4*i + i + 91, -s*i - 81 = -3*x. What is the units digit of x?
2
Suppose -9501 = -16*b + 43107. What is the units digit of b?
8
Suppose s - 3*s = 2*d - 2038, s + 5*d = 1031. What is the units digit of s?
6
Suppose 16*h = 6804 + 19548. What is the thousands digit of h?
1
Let m(b) = 74*b**3 + 2*b**2 - 4*b - 4. What is the tens digit of m(3)?
0
Suppose 0 = 6*w - 3 - 9. Suppose h + 206 = -2*s + 5*h, -w*s - 224 = 5*h. Let q = -69 - s. What is the units digit of q?
8
Let p be 89 - 10 - 1*3. Let y = p - -113. What is the tens digit of y?
8
Let f(a) = a - 14. Let o(k) = 2*k - 15. Let i(m) = -3*f(m) + 2*o(m). What is the units digit of i(13)?
5
Let w = 1025 + -570. What is the units digit of w?
5
Let y be (0 - 1) + (-3)/(-1). Suppose -5*t + 170 = v, -t + 14 + 31 = -y*v. What is the units digit of t?
5
Suppose 875 - 20 = 2*z + u, 5*z = -u + 2133. Suppose z = 5*s + r + 2*r, 0 = s + r - 86. What is the units digit of s?
4
Let l(u) be the second derivative of 3*u**5/10 - u**3/3 + u**2/2 - 11*u. Let t be l(1). Suppose 0 = -t*a, 4*g - 3*g = 2*a + 46. What is the tens digit of g?
4
Let a(s) = s**3 + 20*s**2 + 16*s - 124. What is the hundreds digit of a(-17)?
4
Let v be (-5 - 78/(-18))*(1 - 4). Suppose -4*m = v*u - 1078, -4*u = u - 25. What is the hundreds digit of m?
2
Let m(b) = -37*b - 23. Suppose -5 = 2*f + 3. What is the hundreds digit of m(f)?
1
Let a(c) = 2*c**2 + 3*c - 4. Let d be a(-3). Suppose 0 = -2*x + d*x - 12. Suppose -37 = -2*n - t - 2*t, 0 = -2*n - x*t + 38. What is the units digit of n?
7
Let h(z) = z**2 + 6*z - 9. Let x(v) = -v - 1. Let u(b) = -h(b) + 2*x(b). Let l be u(-7). Suppose -2*i - l + 62 = 0. What is the units digit of i?
4
Let p be 56/35 + (-4)/(-10). Suppose -2 = -p*m + a, -4*a + 5 = 3*m - 9. Suppose -3*q + m*q = -15. What is the tens digit of q?
1
Let p(d) = 49*d**2 + d - 9. What is the units digit of p(-3)?
9
Let v = 2 + 5. Suppose 88*f = 90*f. Suppose f = b - 29 - v. What is the units digit of b?
6
Let f(q) = q**3 - 6*q**2 + 11*q - 4. Let x(i) = -i**2 - 9*i + 5. Let z be x(-9). What is the units digit of f(z)?
6
Suppose 4*c + 7*w - 3398 = 8*w, 2*c + 3*w = 1706. What is the units digit of c?
0
Let z(p) = -14*p + 3. What is the units digit of z(-13)?
5
Let f be (-1 - 0)/((-7)/413). Let c = 103 - f. Suppose -5*g + c + 8 = 2*r, -4*r + 84 = 5*g. What is the tens digit of r?
1
Suppose -10 = -4*r - r. Let x be r - (-3 + 4)*-3. Suppose 8*d - x*d - 63 = 0. What is the units digit of d?
1
Let b be ((-94)/(-4))/(8/16). What is the units digit of (1 - 2) + -3 + b?
3
Suppose 0 = 5*t - 5*x - 2160, 0 = -3*t - 2*x - 2*x + 1268. Suppose 3*w - 4*u = 253 + 14, -t = -5*w + u. What is the tens digit of w?
8
Let o be ((5 - 3) + -2)/(-2). Suppose 176 = -o*g + 4*g. What is the units digit of g?
4
Suppose 0 = j + 5, 4*i - 2*j + 8 = 34. Let w = i - -3. Let b(u) = 6*u + 3. What is the tens digit of b(w)?
4
Let l be ((-4)/12)/(2/(-60)). Suppose -2*w = -4*s + l, -1 + 3 = 2*w - s. What is the units digit of 4 + -1 + w + -4?
2
Let c(o) = -45*o + 7. Let u be c(-3). Let a = -18 + u. What is the hundreds digit of a?
1
Let r = -2698 + 5398. What is the tens digit of r?
0
Suppose 0 = 5*j + b - 3411, 4*j = -3*b - 578 + 3298. What is the tens digit of j?
8
What is the tens digit of (-37510)/(-16) + 177/(-472)?
4
Let m be -3 + (3 + 0 - -4). Let i(r) = 11*r - 4. Let a be i(m). Suppose -2*b - 2*b + a = 4*y, -y = -3*b + 46. What is the units digit of b?
4
Let z = -38 + 55. Let y = z - 0. What is the units digit of y?
7
Let u be 1*(0 + (-2 - -6)). What is the tens digit of (56/12 - u)/((-4)/(-726))?
2
Suppose -2183 = 6*g - 11513. What is the tens digit of g?
5
Let h(m) = 212*m - 13. Let a(p) = -71*p + 4. Let x(z) = 7*a(z) + 2*h(z). What is the units digit of x(-1)?
5
Suppose -6*u = -106 - 188. Suppose -5*k + 5 = 0, -5*p - 5*k + u = -p. What is the tens digit of p?
1
What is the tens digit of 6/(36/6978)*1?
6
Suppose 0*p + 504 = 3*p. Let g = -73 + p. What is the units digit of g?
5
Let l(c) = 2*c**2 + 13*c + 79. What is the units digit of l(-12)?
1
Let f(b) = 3*b**3 - 4*b**2 + 5*b - 5. What is the tens digit of f(7)?
6
Let q(s) b